{"id":48,"date":"2009-09-18T09:37:12","date_gmt":"2009-09-18T08:37:12","guid":{"rendered":"http:\/\/www.dessinateur.biz\/blog\/?page_id=48"},"modified":"2024-02-18T15:48:00","modified_gmt":"2024-02-18T14:48:00","slug":"cest-qui-na","status":"publish","type":"page","link":"https:\/\/www.dessinateur.biz\/blog\/cest-qui-na\/","title":{"rendered":"C&rsquo;est qui na!"},"content":{"rendered":"<p><img loading=\"lazy\" class=\"size-full wp-image-174 alignright\" title=\"animation main qui dessine 'na!'-b\" src=\"https:\/\/www.dessinateur.biz\/blog\/wp-content\/uploads\/2009\/09\/animation-main-qui-dessine-na-b.gif\" alt=\"animation main qui dessine 'na!'-b\" width=\"200\" height=\"280\" \/><\/p>\n<p>Bonjour,<\/p>\n<p>Je m&rsquo;appelle na! et depuis tout petit, j&rsquo;aime dessiner et faire le pitre. Du coup, \u00e0 partir de 1992, je concilie officiellement les deux et gribouille pour la presse (Echappement, R\u00e9ponse \u00e0 Tout, VSD\u2026), pour la t\u00e9l\u00e9 (Canal+, France 2, M6, BFMTV\u2026) pour les entreprises (Microsoft, Unilever, Groupama, Orange, EDF, P\u00f4le Emploi, Grand Optical, Afpa \u2026) et pour le web (ozap.com, actuchomage.org, rue89, agoravox, Le Plus\u2026). Le pire, c&rsquo;est qu&rsquo;\u00e0 plus de 50 ans, j&rsquo;aime toujours autant \u00e7a, na!<\/p>\n<p><img loading=\"lazy\" title=\"mode_emploi_dessin\" src=\"https:\/\/www.dessinateur.biz\/blog\/wp-content\/uploads\/2009\/09\/mode_emploi_dessin.jpg\" alt=\"mode_emploi_dessin\" width=\"358\" height=\"75\" \/><\/p>\n<p><img loading=\"lazy\" title=\"mode_emploi_dessin_quoi\" src=\"https:\/\/www.dessinateur.biz\/blog\/wp-content\/uploads\/2009\/09\/mode_emploi_dessin_quoi.jpg\" alt=\"\" width=\"600\" height=\"252\" \/><\/p>\n<p>Dessin en <strong>noir et blanc<\/strong><\/p>\n<p><strong><img loading=\"lazy\" title=\"na! dessin nb\" src=\"https:\/\/www.dessinateur.biz\/blog\/wp-content\/uploads\/2009\/09\/na-dessin-nb.jpg\" alt=\"\" width=\"360\" height=\"360\" \/><\/strong><\/p>\n<p>Ou dessin en <strong>couleur<\/strong><\/p>\n<p><strong><img loading=\"lazy\" title=\"na! dessin couleur\" src=\"https:\/\/www.dessinateur.biz\/blog\/wp-content\/uploads\/2009\/09\/na-dessin-couleur.jpg\" alt=\"\" width=\"360\" height=\"361\" \/><\/strong><\/p>\n<p><img loading=\"lazy\" title=\"mode_emploi_dessin_comment\" src=\"https:\/\/www.dessinateur.biz\/blog\/wp-content\/uploads\/2009\/09\/mode_emploi_dessin_comment1.jpg\" alt=\"mode_emploi_dessin_comment\" width=\"600\" height=\"260\" \/><\/p>\n<p><img loading=\"lazy\" title=\"BDfixe00\" src=\"https:\/\/www.dessinateur.biz\/blog\/wp-content\/uploads\/2009\/09\/BDfixe00.jpg\" alt=\"BDfixe00\" width=\"608\" height=\"838\" \/><\/p>\n<p><img loading=\"lazy\" title=\"mode_emploi_cg\" src=\"https:\/\/www.dessinateur.biz\/blog\/wp-content\/uploads\/2009\/09\/mode_emploi_cg.jpg\" alt=\"mode_emploi_cg\" width=\"591\" height=\"85\" \/><\/p>\n<p><img loading=\"lazy\" title=\"mode_emploi_cg_quoi\" src=\"https:\/\/www.dessinateur.biz\/blog\/wp-content\/uploads\/2009\/09\/mode_emploi_cg_quoi.jpg\" alt=\"mode_emploi_cg_quoi\" width=\"608\" height=\"361\" \/><\/p>\n<p><img loading=\"lazy\" title=\"mode_emploi_cg_qui\" src=\"https:\/\/www.dessinateur.biz\/blog\/wp-content\/uploads\/2009\/09\/mode_emploi_cg_qui1.jpg\" alt=\"mode_emploi_cg_qui\" width=\"600\" height=\"514\" \/><\/p>\n<p><img loading=\"lazy\" title=\"mode_emploi_cg_comment\" src=\"https:\/\/www.dessinateur.biz\/blog\/wp-content\/uploads\/2009\/09\/mode_emploi_cg_comment.jpg\" alt=\"mode_emploi_cg_comment\" width=\"600\" height=\"261\" \/><\/p>\n<p><a href=\"https:\/\/www.dessinateur.biz\/blog\/contact\/\"><img loading=\"lazy\" title=\"mode_emploi_devis\" src=\"https:\/\/www.dessinateur.biz\/blog\/wp-content\/uploads\/2009\/09\/mode_emploi_devis1.jpg\" alt=\"mode_emploi_devis\" width=\"602\" height=\"220\" \/><\/a><\/p>\n","protected":false},"excerpt":{"rendered":"<p>Bonjour, Je m&rsquo;appelle na! et depuis tout petit, j&rsquo;aime dessiner et faire le pitre. Du coup, \u00e0 partir de 1992, je concilie officiellement les deux et gribouille pour la presse (Echappement, R\u00e9ponse \u00e0 Tout, VSD\u2026), pour la t\u00e9l\u00e9 (Canal+, France 2, M6, BFMTV\u2026) pour les entreprises (Microsoft, Unilever, Groupama, Orange, EDF, P\u00f4le Emploi, Grand Optical, [&hellip;]<\/p>\n","protected":false},"author":1,"featured_media":0,"parent":0,"menu_order":3,"comment_status":"closed","ping_status":"open","template":"","meta":[],"yoast_head":"<!-- This site is optimized with the Yoast SEO plugin v19.3 - https:\/\/yoast.com\/wordpress\/plugins\/seo\/ -->\n<title>C&#039;est qui na! - na! dessinateur<\/title>\n<meta name=\"description\" content=\"na! dessinateur, communication par le dessin humoristique, dessin de presse, dessin en direct live pour vos s\u00e9minaires ou conventions, cr\u00e9ation graphique\" \/>\n<meta name=\"robots\" content=\"noindex, follow\" \/>\n<meta property=\"og:locale\" content=\"fr_FR\" \/>\n<meta property=\"og:type\" content=\"article\" \/>\n<meta property=\"og:title\" content=\"C&#039;est qui na! - na! dessinateur\" \/>\n<meta property=\"og:description\" content=\"na! dessinateur, communication par le dessin humoristique, dessin de presse, dessin en direct live pour vos s\u00e9minaires ou conventions, cr\u00e9ation graphique\" \/>\n<meta property=\"og:url\" content=\"https:\/\/www.dessinateur.biz\/blog\/cest-qui-na\/\" \/>\n<meta property=\"og:site_name\" content=\"na! dessinateur\" \/>\n<meta property=\"article:publisher\" content=\"https:\/\/www.facebook.com\/na-dessinateur-110880605617002\/\" \/>\n<meta property=\"article:modified_time\" content=\"2024-02-18T14:48:00+00:00\" \/>\n<meta property=\"og:image\" content=\"http:\/\/www.dessinateur.biz\/blog\/wp-content\/uploads\/2009\/09\/animation-main-qui-dessine-na-b.gif\" \/>\n<meta name=\"twitter:card\" content=\"summary\" \/>\n<meta name=\"twitter:site\" content=\"@na_dessinateur\" \/>\n<meta name=\"twitter:label1\" content=\"Dur\u00e9e de lecture estim\u00e9e\" \/>\n\t<meta name=\"twitter:data1\" content=\"3 minutes\" \/>\n<script type=\"application\/ld+json\" class=\"yoast-schema-graph\">{\"@context\":\"https:\/\/schema.org\",\"@graph\":[{\"@type\":\"WebSite\",\"@id\":\"https:\/\/www.dessinateur.biz\/blog\/#website\",\"url\":\"https:\/\/www.dessinateur.biz\/blog\/\",\"name\":\"na! dessinateur\",\"description\":\"Dessinateur de presse, dessinateur humoristique, dessinateur en direct, communication par le dessin d&#039;humour\",\"potentialAction\":[{\"@type\":\"SearchAction\",\"target\":{\"@type\":\"EntryPoint\",\"urlTemplate\":\"https:\/\/www.dessinateur.biz\/blog\/?s={search_term_string}\"},\"query-input\":\"required name=search_term_string\"}],\"inLanguage\":\"fr-FR\"},{\"@type\":\"ImageObject\",\"inLanguage\":\"fr-FR\",\"@id\":\"https:\/\/www.dessinateur.biz\/blog\/cest-qui-na\/#primaryimage\",\"url\":\"http:\/\/www.dessinateur.biz\/blog\/wp-content\/uploads\/2009\/09\/animation-main-qui-dessine-na-b.gif\",\"contentUrl\":\"http:\/\/www.dessinateur.biz\/blog\/wp-content\/uploads\/2009\/09\/animation-main-qui-dessine-na-b.gif\"},{\"@type\":\"WebPage\",\"@id\":\"https:\/\/www.dessinateur.biz\/blog\/cest-qui-na\/\",\"url\":\"https:\/\/www.dessinateur.biz\/blog\/cest-qui-na\/\",\"name\":\"C'est qui na! - na! dessinateur\",\"isPartOf\":{\"@id\":\"https:\/\/www.dessinateur.biz\/blog\/#website\"},\"primaryImageOfPage\":{\"@id\":\"https:\/\/www.dessinateur.biz\/blog\/cest-qui-na\/#primaryimage\"},\"datePublished\":\"2009-09-18T08:37:12+00:00\",\"dateModified\":\"2024-02-18T14:48:00+00:00\",\"description\":\"na! dessinateur, communication par le dessin humoristique, dessin de presse, dessin en direct live pour vos s\u00e9minaires ou conventions, cr\u00e9ation graphique\",\"breadcrumb\":{\"@id\":\"https:\/\/www.dessinateur.biz\/blog\/cest-qui-na\/#breadcrumb\"},\"inLanguage\":\"fr-FR\",\"potentialAction\":[{\"@type\":\"ReadAction\",\"target\":[\"https:\/\/www.dessinateur.biz\/blog\/cest-qui-na\/\"]}]},{\"@type\":\"BreadcrumbList\",\"@id\":\"https:\/\/www.dessinateur.biz\/blog\/cest-qui-na\/#breadcrumb\",\"itemListElement\":[{\"@type\":\"ListItem\",\"position\":1,\"name\":\"Accueil\",\"item\":\"https:\/\/www.dessinateur.biz\/blog\/\"},{\"@type\":\"ListItem\",\"position\":2,\"name\":\"C&rsquo;est qui na!\"}]}]}<\/script>\n<!-- \/ Yoast SEO plugin. -->","yoast_head_json":{"title":"C'est qui na! - na! dessinateur","description":"na! dessinateur, communication par le dessin humoristique, dessin de presse, dessin en direct live pour vos s\u00e9minaires ou conventions, cr\u00e9ation graphique","robots":{"index":"noindex","follow":"follow"},"og_locale":"fr_FR","og_type":"article","og_title":"C'est qui na! - na! dessinateur","og_description":"na! dessinateur, communication par le dessin humoristique, dessin de presse, dessin en direct live pour vos s\u00e9minaires ou conventions, cr\u00e9ation graphique","og_url":"https:\/\/www.dessinateur.biz\/blog\/cest-qui-na\/","og_site_name":"na! dessinateur","article_publisher":"https:\/\/www.facebook.com\/na-dessinateur-110880605617002\/","article_modified_time":"2024-02-18T14:48:00+00:00","og_image":[{"url":"http:\/\/www.dessinateur.biz\/blog\/wp-content\/uploads\/2009\/09\/animation-main-qui-dessine-na-b.gif"}],"twitter_card":"summary","twitter_site":"@na_dessinateur","twitter_misc":{"Dur\u00e9e de lecture estim\u00e9e":"3 minutes"},"schema":{"@context":"https:\/\/schema.org","@graph":[{"@type":"WebSite","@id":"https:\/\/www.dessinateur.biz\/blog\/#website","url":"https:\/\/www.dessinateur.biz\/blog\/","name":"na! dessinateur","description":"Dessinateur de presse, dessinateur humoristique, dessinateur en direct, communication par le dessin d&#039;humour","potentialAction":[{"@type":"SearchAction","target":{"@type":"EntryPoint","urlTemplate":"https:\/\/www.dessinateur.biz\/blog\/?s={search_term_string}"},"query-input":"required name=search_term_string"}],"inLanguage":"fr-FR"},{"@type":"ImageObject","inLanguage":"fr-FR","@id":"https:\/\/www.dessinateur.biz\/blog\/cest-qui-na\/#primaryimage","url":"http:\/\/www.dessinateur.biz\/blog\/wp-content\/uploads\/2009\/09\/animation-main-qui-dessine-na-b.gif","contentUrl":"http:\/\/www.dessinateur.biz\/blog\/wp-content\/uploads\/2009\/09\/animation-main-qui-dessine-na-b.gif"},{"@type":"WebPage","@id":"https:\/\/www.dessinateur.biz\/blog\/cest-qui-na\/","url":"https:\/\/www.dessinateur.biz\/blog\/cest-qui-na\/","name":"C'est qui na! - na! dessinateur","isPartOf":{"@id":"https:\/\/www.dessinateur.biz\/blog\/#website"},"primaryImageOfPage":{"@id":"https:\/\/www.dessinateur.biz\/blog\/cest-qui-na\/#primaryimage"},"datePublished":"2009-09-18T08:37:12+00:00","dateModified":"2024-02-18T14:48:00+00:00","description":"na! dessinateur, communication par le dessin humoristique, dessin de presse, dessin en direct live pour vos s\u00e9minaires ou conventions, cr\u00e9ation graphique","breadcrumb":{"@id":"https:\/\/www.dessinateur.biz\/blog\/cest-qui-na\/#breadcrumb"},"inLanguage":"fr-FR","potentialAction":[{"@type":"ReadAction","target":["https:\/\/www.dessinateur.biz\/blog\/cest-qui-na\/"]}]},{"@type":"BreadcrumbList","@id":"https:\/\/www.dessinateur.biz\/blog\/cest-qui-na\/#breadcrumb","itemListElement":[{"@type":"ListItem","position":1,"name":"Accueil","item":"https:\/\/www.dessinateur.biz\/blog\/"},{"@type":"ListItem","position":2,"name":"C&rsquo;est qui na!"}]}]}},"_links":{"self":[{"href":"https:\/\/www.dessinateur.biz\/blog\/wp-json\/wp\/v2\/pages\/48"}],"collection":[{"href":"https:\/\/www.dessinateur.biz\/blog\/wp-json\/wp\/v2\/pages"}],"about":[{"href":"https:\/\/www.dessinateur.biz\/blog\/wp-json\/wp\/v2\/types\/page"}],"author":[{"embeddable":true,"href":"https:\/\/www.dessinateur.biz\/blog\/wp-json\/wp\/v2\/users\/1"}],"replies":[{"embeddable":true,"href":"https:\/\/www.dessinateur.biz\/blog\/wp-json\/wp\/v2\/comments?post=48"}],"version-history":[{"count":21,"href":"https:\/\/www.dessinateur.biz\/blog\/wp-json\/wp\/v2\/pages\/48\/revisions"}],"predecessor-version":[{"id":19353,"href":"https:\/\/www.dessinateur.biz\/blog\/wp-json\/wp\/v2\/pages\/48\/revisions\/19353"}],"wp:attachment":[{"href":"https:\/\/www.dessinateur.biz\/blog\/wp-json\/wp\/v2\/media?parent=48"}],"curies":[{"name":"wp","href":"https:\/\/api.w.org\/{rel}","templated":true}]}}